[INFO] fetching crate hyraigne 0.1.4...
[INFO] checking hyraigne-0.1.4 against master#e6e4f7ed1589e03bc2f6c5931c1a72e7947e8682 for beta-170-4
[INFO] extracting crate hyraigne 0.1.4 into /workspace/builds/worker-2-tc2/source
[INFO] validating manifest of crates.io crate hyraigne 0.1.4 on toolchain e6e4f7ed1589e03bc2f6c5931c1a72e7947e8682
[INFO] running `Command { std: CARGO_HOME="/workspace/cargo-home" RUSTUP_HOME="/workspace/rustup-home" "/workspace/cargo-home/bin/cargo" "+e6e4f7ed1589e03bc2f6c5931c1a72e7947e8682" "metadata" "--manifest-path" "Cargo.toml" "--no-deps", kill_on_drop: false }`
[INFO] started tweaking crates.io crate hyraigne 0.1.4
[INFO] finished tweaking crates.io crate hyraigne 0.1.4
[INFO] tweaked toml for crates.io crate hyraigne 0.1.4 written to /workspace/builds/worker-2-tc2/source/Cargo.toml
[INFO] running `Command { std: CARGO_HOME="/workspace/cargo-home" RUSTUP_HOME="/workspace/rustup-home" __CARGO_TEST_CHANNEL_OVERRIDE_DO_NOT_USE_THIS="nightly" "/workspace/cargo-home/bin/cargo" "+e6e4f7ed1589e03bc2f6c5931c1a72e7947e8682" "generate-lockfile" "--manifest-path" "Cargo.toml" "-Zno-index-update", kill_on_drop: false }`
[INFO] [stderr]     Blocking waiting for file lock on package cache
[INFO] running `Command { std: CARGO_HOME="/workspace/cargo-home" RUSTUP_HOME="/workspace/rustup-home" "/workspace/cargo-home/bin/cargo" "+e6e4f7ed1589e03bc2f6c5931c1a72e7947e8682" "fetch" "--manifest-path" "Cargo.toml", kill_on_drop: false }`
[INFO] [stderr]     Blocking waiting for file lock on package cache
[INFO] running `Command { std: "docker" "create" "-v" "/var/lib/crater-agent-workspace/builds/worker-2-tc2/target:/opt/rustwide/target:rw,Z" "-v" "/var/lib/crater-agent-workspace/builds/worker-2-tc2/source:/opt/rustwide/workdir:ro,Z" "-v" "/var/lib/crater-agent-workspace/cargo-home:/opt/rustwide/cargo-home:ro,Z" "-v" "/var/lib/crater-agent-workspace/rustup-home:/opt/rustwide/rustup-home:ro,Z" "-e" "SOURCE_DIR=/opt/rustwide/workdir" "-e" "CARGO_TARGET_DIR=/opt/rustwide/target" "-e" "CARGO_HOME=/opt/rustwide/cargo-home" "-e" "RUSTUP_HOME=/opt/rustwide/rustup-home" "-w" "/opt/rustwide/workdir" "-m" "1610612736" "--user" "0:0" "--network" "none" "ghcr.io/rust-lang/crates-build-env/linux@sha256:19e73879b68f455e41552ea35293514db52ea292d993f571636dbffedb77a1ee" "/opt/rustwide/cargo-home/bin/cargo" "+e6e4f7ed1589e03bc2f6c5931c1a72e7947e8682" "metadata" "--no-deps" "--format-version=1", kill_on_drop: false }`
[INFO] [stdout] 65e0d456fbccf6ef1052771baf85ff4208aac8b56b52d15f421b06fd8e5d35c8
[INFO] running `Command { std: "docker" "start" "-a" "65e0d456fbccf6ef1052771baf85ff4208aac8b56b52d15f421b06fd8e5d35c8", kill_on_drop: false }`
[INFO] running `Command { std: "docker" "inspect" "65e0d456fbccf6ef1052771baf85ff4208aac8b56b52d15f421b06fd8e5d35c8", kill_on_drop: false }`
[INFO] running `Command { std: "docker" "rm" "-f" "65e0d456fbccf6ef1052771baf85ff4208aac8b56b52d15f421b06fd8e5d35c8", kill_on_drop: false }`
[INFO] [stdout] 65e0d456fbccf6ef1052771baf85ff4208aac8b56b52d15f421b06fd8e5d35c8
[INFO] running `Command { std: "docker" "create" "-v" "/var/lib/crater-agent-workspace/builds/worker-2-tc2/target:/opt/rustwide/target:rw,Z" "-v" "/var/lib/crater-agent-workspace/builds/worker-2-tc2/source:/opt/rustwide/workdir:ro,Z" "-v" "/var/lib/crater-agent-workspace/cargo-home:/opt/rustwide/cargo-home:ro,Z" "-v" "/var/lib/crater-agent-workspace/rustup-home:/opt/rustwide/rustup-home:ro,Z" "-e" "SOURCE_DIR=/opt/rustwide/workdir" "-e" "CARGO_TARGET_DIR=/opt/rustwide/target" "-e" "CARGO_INCREMENTAL=0" "-e" "RUST_BACKTRACE=full" "-e" "RUSTFLAGS=--cap-lints=forbid" "-e" "RUSTDOCFLAGS=--cap-lints=forbid" "-e" "CARGO_HOME=/opt/rustwide/cargo-home" "-e" "RUSTUP_HOME=/opt/rustwide/rustup-home" "-w" "/opt/rustwide/workdir" "-m" "1610612736" "--user" "0:0" "--network" "none" "ghcr.io/rust-lang/crates-build-env/linux@sha256:19e73879b68f455e41552ea35293514db52ea292d993f571636dbffedb77a1ee" "/opt/rustwide/cargo-home/bin/cargo" "+e6e4f7ed1589e03bc2f6c5931c1a72e7947e8682" "check" "--frozen" "--all" "--all-targets" "--message-format=json", kill_on_drop: false }`
[INFO] [stdout] 99714af778303b1695092a145576b65eb1e2cd84aa6b266c60ab53b11e3b3796
[INFO] running `Command { std: "docker" "start" "-a" "99714af778303b1695092a145576b65eb1e2cd84aa6b266c60ab53b11e3b3796", kill_on_drop: false }`
[INFO] [stderr]    Compiling cfg-if v1.0.0
[INFO] [stderr]    Compiling syn v1.0.109
[INFO] [stderr]    Compiling ppv-lite86 v0.2.17
[INFO] [stderr]    Compiling proc-macro2 v1.0.59
[INFO] [stderr]    Compiling quote v1.0.28
[INFO] [stderr]    Compiling libc v0.2.144
[INFO] [stderr]    Compiling getrandom v0.1.16
[INFO] [stderr]    Compiling siphasher v0.3.10
[INFO] [stderr]    Compiling proc-macro-hack v0.5.20+deprecated
[INFO] [stderr]     Checking once_cell v1.17.2
[INFO] [stderr]    Compiling cc v1.0.79
[INFO] [stderr]    Compiling phf_shared v0.8.0
[INFO] [stderr]     Checking tinyvec_macros v0.1.1
[INFO] [stderr]     Checking tinyvec v1.6.0
[INFO] [stderr]    Compiling standback v0.2.17
[INFO] [stderr]     Checking percent-encoding v2.2.0
[INFO] [stderr]    Compiling phf_shared v0.10.0
[INFO] [stderr]    Compiling syn v2.0.18
[INFO] [stderr]    Compiling getrandom v0.2.9
[INFO] [stderr]    Compiling lock_api v0.4.9
[INFO] [stderr]    Compiling rand_core v0.5.1
[INFO] [stderr]    Compiling rand_core v0.6.4
[INFO] [stderr]     Checking unicode-bidi v0.3.13
[INFO] [stderr]     Checking unicode-normalization v0.1.22
[INFO] [stderr]    Compiling rand_pcg v0.2.1
[INFO] [stderr]    Compiling rand_chacha v0.2.2
[INFO] [stderr]    Compiling rand_chacha v0.3.1
[INFO] [stderr]    Compiling parking_lot_core v0.9.7
[INFO] [stderr]    Compiling ring v0.16.20
[INFO] [stderr]    Compiling rand v0.7.3
[INFO] [stderr]    Compiling rand v0.8.5
[INFO] [stderr]     Checking matches v0.1.10
[INFO] [stderr]     Checking new_debug_unreachable v1.0.4
[INFO] [stderr]     Checking idna v0.3.0
[INFO] [stderr]     Checking form_urlencoded v1.1.0
[INFO] [stderr]     Checking mac v0.1.1
[INFO] [stderr]    Compiling const_fn v0.4.9
[INFO] [stderr]    Compiling time-core v0.1.1
[INFO] [stderr]     Checking precomputed-hash v0.1.1
[INFO] [stderr]    Compiling time-macros v0.2.9
[INFO] [stderr]    Compiling phf_generator v0.8.0
[INFO] [stderr]    Compiling phf_codegen v0.8.0
[INFO] [stderr]    Compiling phf_generator v0.10.0
[INFO] [stderr]    Compiling string_cache_codegen v0.5.2
[INFO] [stderr]     Checking futf v0.1.5
[INFO] [stderr]     Checking parking_lot v0.12.1
[INFO] [stderr]    Compiling indexmap v1.9.3
[INFO] [stderr]    Compiling cookie v0.16.2
[INFO] [stderr]    Compiling time v0.2.27
[INFO] [stderr]     Checking utf-8 v0.7.6
[INFO] [stderr]     Checking dtoa v0.4.8
[INFO] [stderr]    Compiling markup5ever v0.10.1
[INFO] [stderr]     Checking dtoa-short v0.3.3
[INFO] [stderr]     Checking tendril v0.4.3
[INFO] [stderr]    Compiling selectors v0.22.0
[INFO] [stderr]    Compiling cookie v0.15.2
[INFO] [stderr]    Compiling convert_case v0.4.0
[INFO] [stderr]    Compiling rustls v0.20.8
[INFO] [stderr]     Checking nodrop v0.1.14
[INFO] [stderr]     Checking itoa v0.4.8
[INFO] [stderr]     Checking byteorder v1.4.3
[INFO] [stderr]     Checking stable_deref_trait v1.2.0
[INFO] [stderr]     Checking miniz_oxide v0.7.1
[INFO] [stderr]     Checking servo_arc v0.1.1
[INFO] [stderr]     Checking time v0.3.21
[INFO] [stderr]     Checking fxhash v0.2.1
[INFO] [stderr]     Checking idna v0.2.3
[INFO] [stderr]     Checking thin-slice v0.1.1
[INFO] [stderr]     Checking aho-corasick v1.0.1
[INFO] [stderr]     Checking flate2 v1.0.26
[INFO] [stderr]     Checking base64 v0.13.1
[INFO] [stderr]     Checking regex-syntax v0.7.2
[INFO] [stderr]     Checking webpki v0.22.0
[INFO] [stderr]     Checking sct v0.7.0
[INFO] [stderr]     Checking webpki-roots v0.22.6
[INFO] [stderr]    Compiling serde_derive v1.0.163
[INFO] [stderr]    Compiling thiserror-impl v1.0.40
[INFO] [stderr]    Compiling phf_macros v0.8.0
[INFO] [stderr]    Compiling cssparser v0.27.2
[INFO] [stderr]    Compiling time-macros-impl v0.1.2
[INFO] [stderr]    Compiling html5ever v0.25.2
[INFO] [stderr]    Compiling cssparser-macros v0.6.0
[INFO] [stderr]    Compiling derive_more v0.99.17
[INFO] [stderr]     Checking time-macros v0.1.1
[INFO] [stderr]     Checking phf v0.8.0
[INFO] [stderr]     Checking regex v1.8.3
[INFO] [stderr]     Checking thiserror v1.0.40
[INFO] [stderr]     Checking serde v1.0.163
[INFO] [stderr]     Checking url v2.3.1
[INFO] [stderr]     Checking string_cache v0.8.7
[INFO] [stderr]     Checking serde_json v1.0.96
[INFO] [stderr]     Checking publicsuffix v1.5.6
[INFO] [stderr]     Checking cookie_store v0.19.0
[INFO] [stderr]     Checking cookie_store v0.13.3
[INFO] [stderr]     Checking ureq v2.6.2
[INFO] [stderr]     Checking kuchiki v0.8.1
[INFO] [stderr]     Checking hyraigne v0.1.4 (/opt/rustwide/workdir)
[INFO] [stdout] warning: lint `rustdoc` has been removed: use `rustdoc::all` instead
[INFO] [stdout]   --> src/lib.rs:10:5
[INFO] [stdout]    |
[INFO] [stdout] 10 |     rustdoc,
[INFO] [stdout]    |     ^^^^^^^
[INFO] [stdout]    |
[INFO] [stdout]    = note: `#[warn(renamed_and_removed_lints)]` on by default
[INFO] [stdout] 
[INFO] [stdout] 
[INFO] [stdout] warning: lint `rustdoc` has been removed: use `rustdoc::all` instead
[INFO] [stdout]   --> src/lib.rs:10:5
[INFO] [stdout]    |
[INFO] [stdout] 10 |     rustdoc,
[INFO] [stdout]    |     ^^^^^^^
[INFO] [stdout]    |
[INFO] [stdout]    = note: `#[warn(renamed_and_removed_lints)]` on by default
[INFO] [stdout] 
[INFO] [stdout] 
[INFO] [stdout] error[E0308]: mismatched types
[INFO] [stdout]    --> src/sites/webtoons/site.rs:33:17
[INFO] [stdout]     |
[INFO] [stdout] 32  |             .insert_raw(
[INFO] [stdout]     |              ---------- arguments to this method are incorrect
[INFO] [stdout] 33  |                 &ureq::Cookie::new("pagGDPR", "true"),
[INFO] [stdout]     |                 ^^^^^^^^^^^^^^^^^^^^^^^^^^^^^^^^^^^^^ expected `cookie::Cookie<'_>`, found `ureq::Cookie<'_>`
[INFO] [stdout]     |
[INFO] [stdout]     = note: `ureq::Cookie<'_>` and `cookie::Cookie<'_>` have similar names, but are actually distinct types
[INFO] [stdout] note: `ureq::Cookie<'_>` is defined in crate `cookie`
[INFO] [stdout]    --> /opt/rustwide/cargo-home/registry/src/index.crates.io-6f17d22bba15001f/cookie-0.16.2/src/lib.rs:182:1
[INFO] [stdout]     |
[INFO] [stdout] 182 | pub struct Cookie<'c> {
[INFO] [stdout]     | ^^^^^^^^^^^^^^^^^^^^^
[INFO] [stdout] note: `cookie::Cookie<'_>` is defined in crate `cookie`
[INFO] [stdout]    --> /opt/rustwide/cargo-home/registry/src/index.crates.io-6f17d22bba15001f/cookie-0.15.2/src/lib.rs:191:1
[INFO] [stdout]     |
[INFO] [stdout] 191 | pub struct Cookie<'c> {
[INFO] [stdout]     | ^^^^^^^^^^^^^^^^^^^^^
[INFO] [stdout]     = note: perhaps two different versions of crate `cookie` are being used?
[INFO] [stdout] note: method defined here
[INFO] [stdout]    --> /opt/rustwide/cargo-home/registry/src/index.crates.io-6f17d22bba15001f/cookie_store-0.13.3/src/cookie_store.rs:232:12
[INFO] [stdout]     |
[INFO] [stdout] 232 |     pub fn insert_raw(&mut self, cookie: &RawCookie<'_>, request_url: &Url) -> InsertResult {
[INFO] [stdout]     |            ^^^^^^^^^^
[INFO] [stdout] 
[INFO] [stdout] 
[INFO] [stdout] error[E0308]: mismatched types
[INFO] [stdout]    --> src/sites/webtoons/site.rs:33:17
[INFO] [stdout]     |
[INFO] [stdout] 32  |             .insert_raw(
[INFO] [stdout]     |              ---------- arguments to this method are incorrect
[INFO] [stdout] 33  |                 &ureq::Cookie::new("pagGDPR", "true"),
[INFO] [stdout]     |                 ^^^^^^^^^^^^^^^^^^^^^^^^^^^^^^^^^^^^^ expected `cookie::Cookie<'_>`, found `ureq::Cookie<'_>`
[INFO] [stdout]     |
[INFO] [stdout]     = note: `ureq::Cookie<'_>` and `cookie::Cookie<'_>` have similar names, but are actually distinct types
[INFO] [stdout] note: `ureq::Cookie<'_>` is defined in crate `cookie`
[INFO] [stdout]    --> /opt/rustwide/cargo-home/registry/src/index.crates.io-6f17d22bba15001f/cookie-0.16.2/src/lib.rs:182:1
[INFO] [stdout]     |
[INFO] [stdout] 182 | pub struct Cookie<'c> {
[INFO] [stdout]     | ^^^^^^^^^^^^^^^^^^^^^
[INFO] [stdout] note: `cookie::Cookie<'_>` is defined in crate `cookie`
[INFO] [stdout]    --> /opt/rustwide/cargo-home/registry/src/index.crates.io-6f17d22bba15001f/cookie-0.15.2/src/lib.rs:191:1
[INFO] [stdout]     |
[INFO] [stdout] 191 | pub struct Cookie<'c> {
[INFO] [stdout]     | ^^^^^^^^^^^^^^^^^^^^^
[INFO] [stdout]     = note: perhaps two different versions of crate `cookie` are being used?
[INFO] [stdout] note: method defined here
[INFO] [stdout]    --> /opt/rustwide/cargo-home/registry/src/index.crates.io-6f17d22bba15001f/cookie_store-0.13.3/src/cookie_store.rs:232:12
[INFO] [stdout]     |
[INFO] [stdout] 232 |     pub fn insert_raw(&mut self, cookie: &RawCookie<'_>, request_url: &Url) -> InsertResult {
[INFO] [stdout]     |            ^^^^^^^^^^
[INFO] [stdout] 
[INFO] [stdout] 
[INFO] [stdout] error[E0308]: mismatched types
[INFO] [stdout]    --> src/spiders/http.rs:37:42
[INFO] [stdout]     |
[INFO] [stdout] 37  |             ureq::builder().cookie_store(store).build()
[INFO] [stdout]     |                             ------------ ^^^^^ expected `CookieStore`, found a different `CookieStore`
[INFO] [stdout]     |                             |
[INFO] [stdout]     |                             arguments to this method are incorrect
[INFO] [stdout]     |
[INFO] [stdout]     = note: `CookieStore` and `CookieStore` have similar names, but are actually distinct types
[INFO] [stdout] note: `CookieStore` is defined in crate `cookie_store`
[INFO] [stdout]    --> /opt/rustwide/cargo-home/registry/src/index.crates.io-6f17d22bba15001f/cookie_store-0.13.3/src/cookie_store.rs:48:1
[INFO] [stdout]     |
[INFO] [stdout] 48  | pub struct CookieStore {
[INFO] [stdout]     | ^^^^^^^^^^^^^^^^^^^^^^
[INFO] [stdout] note: `CookieStore` is defined in crate `cookie_store`
[INFO] [stdout]    --> /opt/rustwide/cargo-home/registry/src/index.crates.io-6f17d22bba15001f/cookie_store-0.19.0/src/cookie_store.rs:47:1
[INFO] [stdout]     |
[INFO] [stdout] 47  | pub struct CookieStore {
[INFO] [stdout]     | ^^^^^^^^^^^^^^^^^^^^^^
[INFO] [stdout]     = note: perhaps two different versions of crate `cookie_store` are being used?
[INFO] [stdout] note: method defined here
[INFO] [stdout]    --> /opt/rustwide/cargo-home/registry/src/index.crates.io-6f17d22bba15001f/ureq-2.6.2/src/agent.rs:650:12
[INFO] [stdout]     |
[INFO] [stdout] 650 |     pub fn cookie_store(mut self, cookie_store: CookieStore) -> Self {
[INFO] [stdout]     |            ^^^^^^^^^^^^
[INFO] [stdout] 
[INFO] [stdout] 
[INFO] [stdout] error[E0308]: mismatched types
[INFO] [stdout]    --> src/spiders/http.rs:37:42
[INFO] [stdout]     |
[INFO] [stdout] 37  |             ureq::builder().cookie_store(store).build()
[INFO] [stdout]     |                             ------------ ^^^^^ expected `CookieStore`, found a different `CookieStore`
[INFO] [stdout]     |                             |
[INFO] [stdout]     |                             arguments to this method are incorrect
[INFO] [stdout]     |
[INFO] [stdout]     = note: `CookieStore` and `CookieStore` have similar names, but are actually distinct types
[INFO] [stdout] note: `CookieStore` is defined in crate `cookie_store`
[INFO] [stdout]    --> /opt/rustwide/cargo-home/registry/src/index.crates.io-6f17d22bba15001f/cookie_store-0.13.3/src/cookie_store.rs:48:1
[INFO] [stdout]     |
[INFO] [stdout] 48  | pub struct CookieStore {
[INFO] [stdout]     | ^^^^^^^^^^^^^^^^^^^^^^
[INFO] [stdout] note: `CookieStore` is defined in crate `cookie_store`
[INFO] [stdout]    --> /opt/rustwide/cargo-home/registry/src/index.crates.io-6f17d22bba15001f/cookie_store-0.19.0/src/cookie_store.rs:47:1
[INFO] [stdout]     |
[INFO] [stdout] 47  | pub struct CookieStore {
[INFO] [stdout]     | ^^^^^^^^^^^^^^^^^^^^^^
[INFO] [stdout]     = note: perhaps two different versions of crate `cookie_store` are being used?
[INFO] [stdout] note: method defined here
[INFO] [stdout]    --> /opt/rustwide/cargo-home/registry/src/index.crates.io-6f17d22bba15001f/ureq-2.6.2/src/agent.rs:650:12
[INFO] [stdout]     |
[INFO] [stdout] 650 |     pub fn cookie_store(mut self, cookie_store: CookieStore) -> Self {
[INFO] [stdout]     |            ^^^^^^^^^^^^
[INFO] [stdout] 
[INFO] [stdout] 
[INFO] [stdout] error: aborting due to 2 previous errors; 1 warning emitted
[INFO] [stdout] 
[INFO] [stdout] 
[INFO] [stdout] For more information about this error, try `rustc --explain E0308`.
[INFO] [stdout] 
[INFO] [stdout] error: aborting due to 2 previous errors; 1 warning emitted
[INFO] [stdout] 
[INFO] [stdout] 
[INFO] [stdout] For more information about this error, try `rustc --explain E0308`.
[INFO] [stdout] 
[INFO] [stderr] error: could not compile `hyraigne` (lib) due to 3 previous errors; 1 warning emitted
[INFO] [stderr] warning: build failed, waiting for other jobs to finish...
[INFO] [stderr] error: could not compile `hyraigne` (lib test) due to 3 previous errors; 1 warning emitted
[INFO] running `Command { std: "docker" "inspect" "99714af778303b1695092a145576b65eb1e2cd84aa6b266c60ab53b11e3b3796", kill_on_drop: false }`
[INFO] running `Command { std: "docker" "rm" "-f" "99714af778303b1695092a145576b65eb1e2cd84aa6b266c60ab53b11e3b3796", kill_on_drop: false }`
[INFO] [stdout] 99714af778303b1695092a145576b65eb1e2cd84aa6b266c60ab53b11e3b3796
